89).
-5
Let b(r) = 2*r**3 - 10*r**2 + 28*r - 77. Give b(4).
3
Let g(r) = -2*r**3 - 331*r**2 + 3514*r - 39. Calculate g(10).
1
Let z(m) = 130*m - 1968. Determine z(15).
-18
Let x(w) = -w**3 + w**2 + 35*w - 74. Determine x(5).
1
Let s(c) = 44*c**2 + 5018*c + 220. Give s(-114).
-8
Let g(x) = -x**2 - 70*x - 899. Give g(-16).
-35
Let r(l) = -l**3 - 7*l**2 + 29*l - 10. What is r(-11)?
155
Let s(j) = -6*j**2 - 179*j + 42. What is s(-30)?
12
Let x(f) = 2*f**3 - 8*f**2 + 25*f - 5. Give x(5).
170
Let d(v) = -98*v + 193. Calculate d(2).
-3
Let r(l) = 29*l**3 - 5*l**2 - 6*l - 1. Determine r(-1).
-29
Let q(h) = 32*h + 1304. Give q(-41).
-8
Let q(v) = v**2 - 106*v + 2202. Calculate q(24).
234
Let n(z) = -z**3 - 14*z**2 + z - 286. Give n(0).
-286
Let j(w) = -105*w - 4633. Calculate j(-45).
92
Let u(h) = 2*h**2 - 8*h + 53. Determine u(6).
77
Let y(f) = 2*f**2 - 39*f - 315. What is y(-9)?
198
Let i(q) = 21833*q + 87337. Calculate i(-4).
5
Let h(q) = q**3 + 14*q**2 + 43*q - 13. What is h(-13)?
-403
Let m(l) = 18*l + 108. Give m(-8).
-36
Let o(b) = -b**2 - 16*b - 2. Calculate o(2).
-38
Let p(j) = j**3 + 33*j**2 + 14*j + 507. Determine p(-33).
45
Let s(o) = 15*o + 216. What is s(-16)?
-24
Let p(g) = -3*g**2 + 35*g - 23. Calculate p(11).
-1
Let f(v) = 2*v**3 + 99*v**2 - 110*v + 2203. Determine f(-51).
10
Let z(r) = -r**3 - 189*r**2 + 3953*r + 209. Calculate z(-208).
1
Let r(h) = -49*h + 7735. Give r(158).
-7
Let a(f) = -20*f + 626. Give a(31).
6
Let j(a) = -2*a**3 - 15*a**2 - 23*a - 3. Determine j(-5).
-13
Let a(x) = -x**2 + 33*x + 79. Give a(-2).
9
Let a(j) = -3*j**2 - 2*j - 9. Determine a(-4).
-49
Let t(x) = x**3 - x - 5. Give t(0).
-5
Let p(c) = -945*c - 50080. Calculate p(-53).
5
Let u(p) = 247*p + 22230. Calculate u(-90).
0
Let s(t) = -t**2 + 8*t + 125. Calculate s(-14).
-183
Let x(j) = -9*j + 530. Calculate x(59).
-1
Let k(u) = 43*u - 6703. Give k(156).
5
Let w(x) = 8*x**2 + 37*x - 3. Calculate w(8).
805
Let v(s) = -s**3 + 97*s**2 + 201*s - 342. Calculate v(99).
-45
Let m(z) = 1477*z + 100420. Calculate m(-68).
-16
Let d(f) = f**3 + 30*f**2 + 4*f - 730. Calculate d(-29).
-5
Let o(j) = 118*j + 159. Give o(1).
277
Let z(m) = -171*m + 674. Determine z(4).
-10
Let m(l) = -3*l**2 - 124*l + 145. Determine m(-41).
186
Let m(k) = 3*k**3 - 38*k**2 - 5*k - 29. Give m(13).
75
Let w(m) = -3*m + 98. Calculate w(19).
41
Let l(k) = 17*k + 3416. Calculate l(-201).
-1
Let m(k) = 22*k + 419. Calculate m(-13).
133
Let s(q) = 117*q - 5504. Calculate s(47).
-5
Let r(z) = -z**3 - z**2 + 14*z + 20. Calculate r(-2).
-4
Let t(q) = -667*q + 14030. What is t(21)?
23
Let v(y) = y**3 + 51*y**2 - 53*y - 140. Give v(-52).
-88
Let s(h) = 9271*h + 64900. Calculate s(-7).
3
Let j(z) = 5*z**3 - 2*z**2 - 4*z - 23. Calculate j(-3).
-164
Let c(w) = 89*w - 1662. Give c(19).
29
Let y(f) = -4*f**2 - 7*f - 72. Give y(-6).
-174
Let n(p) = -9*p**2 - 40*p + 52. Give n(7).
-669
Let h(x) = -x**2 + 473*x - 2330. Calculate h(5).
10
Let v(l) = -5*l**2 - 76*l - 14. Determine v(-15).
1
Let o(n) = -130*n + 11308. Calculate o(87).
-2
Let j(v) = 26*v - 83. Give j(3).
-5
Let d(s) = -92*s - 2909. Determine d(-33).
127
Let a(i) = -337*i + 110. What is a(-1)?
447
Let n(d) = -181*d**2 + 100*d + 1. Determine n(1).
-80
Let o(y) = -21*y**2 + 4*y + 1. Give o(-1).
-24
Let d(y) = -94*y + 382. Calculate d(4).
6
Let h(c) = -2*c + 70. Determine h(-7).
84
Let n(p) = -342*p**2 + 38*p + 37. Give n(-1).
-343
Let v(j) = -2684*j + 2691. Determine v(1).
7
Let l(r) = -4544*r + 27265. Calculate l(6).
1
Let l(r) = -3*r**2 - 22*r - 18. Give l(-4).
22
Let a(r) = r**2 - 18*r + 98. Determine a(13).
33
Let n(j) = 2*j**2 + 32*j - 67. Determine n(2).
5
Let l(k) = k**2 - 279*k + 19433. Calculate l(134).
3
Let t(d) = d**3 + 82*d**2 + 304*d - 663. What is t(-78)?
-39
Let x(a) = 2*a**2 - 115*a + 909. Give x(48).
-3
Let x(o) = 21787*o - 87153. What is x(4)?
-5
Let o(d) = -2*d**2 - 62*d - 80. Give o(-28).
88
Let i(r) = 4*r**3 - 3*r**2 - 5*r - 4. What is i(2)?
6
Let s(u) = -3*u**2 - u + 3. What is s(-1)?
1
Let a(t) = 337*t + 2359. Calculate a(-7).
0
Let o(a) = -51*a**2 + 470*a - 93. What is o(9)?
6
Let v(a) = 1417*a + 2832. What is v(-2)?
-2
Let a(t) = 36*t - 379. Determine a(11).
17
Let a(b) = 12*b**2 + 2*b + 6. Calculate a(-2).
50
Let q(o) = 3*o**2 + 72*o + 252. Calculate q(-20).
12
Let y(n) = n**3 + 12*n**2 - 8*n + 71. Calculate y(-13).
6
Let b(q) = -28*q**2 - q + 1. What is b(1)?
-28
Let p(v) = -v**3 + 20*v**2 + 47*v - 55. Calculate p(22).
11
Let z(q) = 2*q**2 + 18*q - 270. What is z(-21)?
234
Let u(s) = 18*s - 151. Determine u(26).
317
Let x(l) = 2*l**2 + 44*l - 62. Calculate x(-24).
34
Let z(n) = -5*n**2 - 23*n - 190. Determine z(-6).
-232
Let f(c) = c**2 + 10*c - 2. Determine f(-4).
-26
Let c(w) = -5*w**2 + 13*w - 5. Give c(5).
-65
Let d(t) = -19*t**2 + 223*t - 334. Give d(10).
-4
Let w(y) = y**3 + 46*y**2 + 83*y - 236. Give w(-44).
-16
Let h(u) = 2*u**2 + 44*u - 37. Determine h(-23).
9
Let x(r) = 4*r**3 - 2*r**2 - 15*r + 9. Calculate x(2).
3
Let r(m) = -3*m**2 + 426*m + 10274. Calculate r(163).
5
Let r(u) = u**3 + 56*u**2 - 55*u + 108. Calculate r(-57).
-6
Let a(o) = -484*o - 2631. Give a(-6).
273
Let z(c) = -8*c**2 + 150*c + 50. Calculate z(19).
12
Let m(v) = -v**2 + 25*v + 50. What is m(-2)?
-4
Let r(d) = 648*d - 12311. What is r(19)?
1
Let m(f) = f**2 - 10*f - 572. Determine m(-19).
-21
Let u(k) = 52*k**3 + 4*k**2 + 2*k - 1. What is u(-1)?
-51
Let p(f) = 7*f**2 - 12*f + 75. Calculate p(5).
190
Let l(d) = -d**2 - 32*d - 31. What is l(-21)?
200
Let s(b) = -30*b**2 - 76*b + 12. What is s(5)?
-1118
Let q(k) = -k**3 - k**2 + 38*k - 160. What is q(6)?
-184
Let d(w) = 2*w**3 + 11*w**2 - 120*w - 1. Calculate d(-10).
299
Let q(g) = -18*g + 35. Determine q(2).
-1
Let h(i) = 58*i**2 + 1046*i + 33. Give h(-18).
-3
Let m(c) = 3*c - 124. What is m(23)?
-55
Let u(w) = w**3 + 6*w**2 - 5*w + 3. Calculate u(-7).
-11
Let n(p) = 11*p - 632. Give n(53).
-49
Let q(n) = 2*n**3 - 38*n**2 + n - 811. What is q(20)?
9
Let a(c) = -145*c + 15966. Calculate a(110).
16
Let i(s) = 421*s + 25279. Determine i(-60).
19
Let z(t) = -1471*t + 27968. Calculate z(19).
19
Let o(x) = 4447*x - 80040. Calculate o(18).
6
Let x(a) = 858*a + 13713. Calculate x(-16).
-15
Let f(a) = a**3 + 37*a**2 - 39*a - 91. Give f(-38).
-53
Let k(d) = -274*d - 1369. Give k(-5).
1
Let g(i) = -i**3 - 3*i**2 - 505*i - 2602. Calculate g(-5).
-27
Let t(p) = p**2 - 53*p - 64. What is t(60)?
356
Let d(i) = -20*i - 1751. What is d(-88)?
9
Let v(o) = -13*o**2 + 7*o - 3. What is v(1)?
-9
Let h(t) = t**3 - 342*t**2 - 1039*t - 13. Determine h(-3).
-1
Let b(w) = w**3 + 52*w**2 + 97*w - 231. Give b(-50).
-81
Let w(m) = 7*m**2 - 339*m - 156. Give w(49).
40
Let v(z) = z**3 + 12*z**2 - 7*z - 48. What is v(-7)?
246
Let f(u) = u**3 - 12*u**2 - 32*u + 49. Give f(13).
-198
Let b(h) = -256*h - 1238. Calculate b(-5).
42
Let k(r) = -5*r - 59. Determine k(-7).
-24
Let d(h) = 3*h**2 + 36*h + 90. Calculate d(-8).
-6
Let i(o) = -o**3 - 6*o**2 + 9*o - 23. Give i(-10).
287
Let p(w) = 2*w**3 - 15*w**2 + 4*w + 87. What is p(6)?
3
Let y(a) = -35*a + 150. Give y(7).
-95
Let a(r) = -3*r**3 + 42*r**2 + 78*r - 20. What is a(-2)?
16
Let x(z) = -z**3 - 19*z**2 - 82*z + 30. Give x(-12).
6
Let m(h) = -357*h + 1161. Determine m(3).
90
Let d(x) = x**3 - 27*x**2 - 248*x - 1119. Determine d(35).
1
Let d(x) = -13*x**3 - 10*x**2 - 12*x + 17. Give d(1).
-18
Let x(z) = 152*z - 1349. Give x(9).
19
Let f(a) = -58*a + 273. Give f(-7).
679
Let q(s) = -42*s - 224. Calculate q(-4).
-56
Let j(h) = -17748*h - 35489. Give j(-2).
7
Let k(y) = 26*y - 784. Determine k(31).
22
Let d(o) = 22*o**2 + 17*o - 65. What is d(2)?
57
Let v(c) = 358*c + 23955. What is v(-67)?
-31
Let b(k) = -k**3 + 244*k**2 + 733*k - 5. What is b(-3)?
19
Let s(r) = -r**3 + 10*r**2 + 4*r - 12. Calculate s(11).
-89
Let v(r) = r**3 + 11*r**2 + 43*r + 265. Determine v(-8).
113
Let q(z) = -3*z**2 + 50*z + 209. Give q(25).
-416
Let j(g) = 3*g**2 - 330*g + 7021. Determine j(29).
-26
Let z(d) = 6*d**3 + 46*d**2 - 17*d + 20. Determine z(-8).
28
Let d(o) = 110*o + 3. Determine d(2).
223
Let t(c) = -c**2 - 30*c - 37. Determine t(-29).
-8
Let t(a) = 1649*a + 3302. Give t(-2).
4
Let h(s) = s**2 + 2042*s + 20320. Determine h(-10).
0
Let m(q) = -48*q**2 - 337*q - 1. Give m(-7).
6
Let c(i) = -i**2 